07 is divided by 4077.
22
What is the remainder when 3636 is divided by 663?
321
What is the remainder when 10496892 is divided by 11061?
3
What is the remainder when 24230706 is divided by 184967?
29
Calculate the remainder when 15519376 is divided by 47.
23
What is the remainder when 731963 is divided by 28152?
11
What is the remainder when 225421 is divided by 3379?
2407
Calculate the remainder when 50643 is divided by 12106.
2219
Calculate the remainder when 1371136 is divided by 50782.
22
Calculate the remainder when 119922 is divided by 1202.
924
Calculate the remainder when 53338 is divided by 582.
376
What is the remainder when 83325 is divided by 16488?
885
What is the remainder when 10074 is divided by 9644?
430
What is the remainder when 2719498 is divided by 679867?
30
Calculate the remainder when 19045 is divided by 679.
33
Calculate the remainder when 15548128 is divided by 1170.
1168
Calculate the remainder when 21628065 is divided by 7209352.
9
Calculate the remainder when 5093919 is divided by 2054.
2053
What is the remainder when 398933 is divided by 195730?
7473
What is the remainder when 1469638 is divided by 66796?
126
What is the remainder when 804067325 is divided by 6974?
6969
Calculate the remainder when 471202 is divided by 6928.
98
Calculate the remainder when 77829848 is divided by 350.
348
Calculate the remainder when 127688 is divided by 24350.
5938
What is the remainder when 1646150 is divided by 235161?
23
What is the remainder when 3421385 is divided by 570226?
29
Calculate the remainder when 2272 is divided by 943.
386
What is the remainder when 20048648 is divided by 208839?
104
Calculate the remainder when 1664560 is divided by 10.
0
Calculate the remainder when 15834843 is divided by 98353.
10
Calculate the remainder when 4913303 is divided by 9485.
73
Calculate the remainder when 26638 is divided by 23746.
2892
Calculate the remainder when 564218 is divided by 37.
5
What is the remainder when 1571306 is divided by 74824?
2
What is the remainder when 4412638 is divided by 491?
21
What is the remainder when 72357 is divided by 20367?
11256
What is the remainder when 484582 is divided by 28?
14
What is the remainder when 158511 is divided by 3302?
15
Calculate the remainder when 470430 is divided by 42761.
59
What is the remainder when 423199 is divided by 4498?
387
Calculate the remainder when 6841393 is divided by 561.
559
What is the remainder when 452798 is divided by 2409?
2315
Calculate the remainder when 4000892 is divided by 1847.
290
What is the remainder when 785457 is divided by 740?
317
Calculate the remainder when 16298 is divided by 3957.
470
What is the remainder when 330999 is divided by 164406?
2187
Calculate the remainder when 9641283 is divided by 9641280.
3
Calculate the remainder when 3561328 is divided by 254351.
414
Calculate the remainder when 31206 is divided by 1847.
1654
What is the remainder when 431481 is divided by 1726?
1707
What is the remainder when 4029909 is divided by 671638?
81
Calculate the remainder when 953143 is divided by 134.
1
Calculate the remainder when 126182777 is divided by 942.
935
Calculate the remainder when 5673673 is divided by 70.
33
What is the remainder when 3887037 is divided by 3886957?
80
Calculate the remainder when 1448325 is divided by 724060.
205
Calculate the remainder when 432887 is divided by 3393.
1976
What is the remainder when 3513975 is divided by 17837?
86
What is the remainder when 149176 is divided by 1756?
1672
What is the remainder when 444144 is divided by 48?
0
What is the remainder when 6469444 is divided by 323447?
504
Calculate the remainder when 910914 is divided by 908303.
2611
Calculate the remainder when 28892 is divided by 9023.
1823
Calculate the remainder when 2317080 is divided by 9614.
106
What is the remainder when 699873 is divided by 699791?
82
What is the remainder when 507100 is divided by 168511?
1567
Calculate the remainder when 2786447 is divided by 1107.
128
What is the remainder when 4563789 is divided by 13?
9
What is the remainder when 444597 is divided by 74093?
39
Calculate the remainder when 352748 is divided by 176327.
94
Calculate the remainder when 8053535 is divided by 40470.
5
What is the remainder when 103539 is divided by 97?
40
What is the remainder when 229095 is divided by 16?
7
What is the remainder when 558602 is divided by 10342?
134
Calculate the remainder when 160684708 is divided by 3753.
13
Calculate the remainder when 11282462 is divided by 1611780.
2
What is the remainder when 42202860 is divided by 21101423?
14
What is the remainder when 5396049 is divided by 158707?
11
What is the remainder when 86281 is divided by 3780?
3121
What is the remainder when 1304403 is divided by 68648?
91
Calculate the remainder when 31558617 is divided by 940.
937
Calculate the remainder when 7476616 is divided by 1495323.
1
Calculate the remainder when 17957 is divided by 5955.
92
Calculate the remainder when 196900 is divided by 11657.
10388
Calculate the remainder when 5466106 is divided by 2733030.
46
Calculate the remainder when 90280005 is divided by 30093333.
6
Calculate the remainder when 42153 is divided by 6901.
747
What is the remainder when 142718 is divided by 7500?
218
What is the remainder when 38897248 is divided by 195?
13
Calculate the remainder when 481725 is divided by 939.
18
Calculate the remainder when 64300618 is divided by 59.
58
Calculate the remainder when 78941 is divided by 3510.
1721
Calculate the remainder when 234005487 is divided by 6882514.
11
Calculate the remainder when 32557182 is divided by 16278590.
2
What is the remainder when 148618 is divided by 2817?
2134
What is the remainder when 245713776 is divided by 41?
38
Calculate the remainder when 924804 is divided by 78.
36
Calculate the remainder when 25837 is divided by 10618.
4601
Calculate the remainder when 860005 is divided by 5810.
125
What is the remainder when 168190 is divided by 4975?
4015
What is the remainder when 19320207 is divided by 674?
671
Calculate the remainder when 53329 is divided by 50.
29
Calculate the remainder when 740541 is divided by 105.
81
Calculate the remainder when 78548 is divided by 502.
236
Calculate the remainder when 376751 is divided by 558.
101
What is the remainder when 1328614 is divided by 599?
32
What is the remainder when 121263 is divided by 9010?
4133
What is the remainder when 8079901 is divided by 28?
25
Calculate the remainder when 13667328 is divided by 153.
144
What is the remainder when 652139 is divided by 440?
59
Calculate the remainder when 324976 is divided by 54153.
58
What is the remainder when 2820960 is divided by 29684?
980
Calculate the remainder when 1853939 is divided by 1853938.
1
What is the remainder when 386244271 is divided by 5174?
5171
Calculate the remainder when 16961238 is divided by 5.
3
Calculate the remainder when 5798762 is divided by 5798717.
45
What is the remainder when 208265 is divided by 3072?
2441
Calculate the remainder when 944124397 is divided by 121.
117
Calculate the remainder when 92610 is divided by 654.
396
What is the remainder when 10408329 is divided by 12332?
121
Calculate the remainder when 225233000 is divided by 8767.
3
Calculate the remainder when 5665651 is divided by 247.
212
What is the remainder when 2011954 is divided by 165?
109
Calculate the remainder when 334828 is divided by 5772.
52
What is the remainder when 6202569 is divided by 19383?
9
What is the remainder when 1820958 is divided by 5875?
5583
What is the remainder when 47921741 is divided by 5?
1
Calculate the remainder when 416693 is divided by 208342.
9
What is the remainder when 1363776 is divided by 9672?
24
What is the remainder when 197335 is divided by 186383?
10952
Calculate the remainder when 198934179 is divided by 49733541.
15
What is the remainder when 249704 is divided by 6090?
14
What is the remainder when 11949666 is divided by 331935?
6
Calculate the remainder when 1105247 is divided by 1105223.
24
Calculate the remainder when 1950305 is divided by 12501.
149
What is the remainder when 71735120 is divided by 1015?
1010
What is the remainder when 2349246 is divided by 392?
382
Calculate the remainder when 7398593 is divided by 1449.
